lculate -1712 + 1702 + (1 - -36).
27
What is the value of (529 - 561) + (-27 - 0)?
-59
Calculate (-1092 - -1065) + -50 + 1 - -26.
-50
Calculate 62 - 66 - (6 - (9 - (1 - (6 + -70)))).
-66
What is 17 + 8 + (-38 - -36) + 63?
86
What is the value of 4 + -11 - (-1 + (10 - (-1 - -6)))?
-11
What is 0 + 0 - (248 - 275 - (3 + 0))?
30
What is the value of -9 + -1 + -13 + 43 + -47?
-27
What is (-4 - 1) + (-105 - -115) - 4?
1
What is the value of -26 - -23 - (-71 - (-10 - 11 - -12))?
59
Calculate 31 + (-2 - 0) + (-92 - (-150 + 71)).
16
14 + (0 - -2) - (-474 + 495) - (-108 + 2)
101
Evaluate -53 - -94 - 44 - 32.
-35
What is 3150 + -3175 + -49 + 1?
-73
Calculate -2 + 8 - 1 - (-9 - (-13 - (-49 + 57))).
-7
What is -8 + 23 + -21 + (-1 - 1 - -14)?
6
Evaluate -2 + 10 + (7 - (4 + 1) - -55).
65
Evaluate (-117 - (-16 + -47)) + -4 + 2 + 0 + -1.
-57
Evaluate -3 + 2 - (-3 + -23 + 66).
-41
Calculate -1 + 9 + 6 + 47 + -8 + 3 + -8.
48
What is 40 + (-22 - (-34 + 17)) - 31?
4
What is 11 + 1079 + -1100 + (-30 - 0)?
-40
What is -129 + 0 + 163 + -69?
-35
What is (-21 - (2 - 8) - (-69 + -4)) + -7?
51
What is the value of 24 - (81 - (55 - -69))?
67
-16 + 16 + 152 + -9 + -10 - (-5 - -4)
134
What is 36 + (5 - -11 - 3) + -2 - 14?
33
What is 21 - (11 - 4) - 10 - (75 + 7)?
-78
Calculate (2 - 4) + -3 - 2 - (29 + -67 + 49).
-18
What is -4 + (8 - 0) + -1 + -14 + -682 + 658?
-35
What is -55 + 41 + 42 - -17?
45
1 + 9 + -6 + -7 - (-43 + 29 + 10)
1
What is the value of -24 - (569 + -598 - (-20 - (-5 - -1)))?
-11
What is 8 + -4 + 901 + -762?
143
What is the value of -22 - (18 - (-10 - -30)) - -23?
3
What is the value of -15 + -89 + (-133 - -151)?
-86
(17 - 14 - 12) + -13 - -19
-3
What is 10 + 21 + -19 - (-4 + 6 + -80) - 10?
80
What is the value of (-181 - -234) + (3 - -2) - 27?
31
Evaluate (-121 - (-6 + 25) - -14) + 21 + -19.
-124
What is 4 + -3 + 12 - (134 + -57 + -69)?
5
Calculate (20 - 8) + (-23 - -30) + 0 + 6 + -9.
16
Calculate 9 - (23 - -72) - (-4 + (-9 - -7)).
-80
Calculate -28 - (17 + 11 + (-66 - 16)).
26
What is the value of -12 + 16 + 13 + -11 - (-7 - 13)?
26
59 + 26 + -39 + -53
-7
What is -72 + 18 + 12 + -11 + 13?
-40
Calculate (3586 - 3626) + -4 + -54.
-98
Calculate -7 - (-126 + 0 + (-119 - (-48 - 71))).
119
(-8 - (-4 - 0)) + -30 - -4 - (-1 + 1)
-30
What is the value of 29 + 5 + -44 - (12 - 0)?
-22
Evaluate 20 + (32 - 38) - (26 + -31).
19
Evaluate -5643 + 5656 - (-76 + 1).
88
Evaluate 38 + 4 - (393 + -377).
26
What is the value of -13 + 4 + -57 + -95 + 186?
25
Calculate (-19 + (-29 + 24 - 19) - (-1 - 1)) + -5.
-46
What is (0 - (7 + 68)) + (-69 - -63) + 1 + 13?
-67
What is the value of -32 + 1 - ((19 - 6) + (15 - 11 - 10))?
-38
What is the value of (14 - 13) + (-9 - -2 - -2) + (-1130 - -1131)?
-3
What is the value of -25 + -24 + -93 - -14 - -12?
-116
What is the value of 7 + (-2 - -2) + (-6 - -22)?
23
What is 18 - (44 - 23) - (-4 + -44 + -3 + 1)?
47
What is (4 + -2 - 0 - 80) + -344 + (-217 - -571)?
-68
15 + 5 + (37 - 47)
10
Calculate (8 - 62 - 15) + -14 - (15 + -22).
-76
-59 - -195 - -13 - 70
79
What is the value of 40 + (-104 - -89) - -38?
63
What is (9 - (5 - 2 - 4) - (-69 - -50)) + -4?
25
-81 + 0 + 0 - (8 + (-19 - 23) - -45)
-92
What is 6 + (-8 - -4) - (251 - 325)?
76
What is the value of (-17 - 6) + 7 + -12 + 11 - 24?
-41
What is the value of -16 + -22 + 38 + 41?
41
Calculate -8 + (39 - -2) + -72.
-39
2 + (24 - (0 - 2)) + (-16692 - -16695)
31
Calculate -55 + -12 - (-14 - (-16 - -25) - -13).
-57
Evaluate -120 - -64 - (-22 + -2 - (-5 + 0)).
-37
What is -52 + (14 - -3 - 46 - -27)?
-54
Calculate 13 + 48 + 1 + (-868 - -860).
54
30 - (-142 - -115) - 111
-54
(-68 - -104) + -66 - 60
-90
1 + -11 - (44 + -10 + (-20 - (-16 - -11)))
-29
Evaluate 145 - 241 - (5 + 10).
-111
28 - -14 - ((-10 - 7) + 15)
44
Calculate -16 - -66 - 64 - -18.
4
What is (25 - 19) + 16 - (-10 - -8)?
24
What is the value of -414 + 424 + 3 + -40?
-27
Calculate 18 + 24 + 7 - 92.
-43
What is the value of -16 + (11 - (-27 - -54)) - (10 - -1)?
-43
77 - 36 - 13 - 57
-29
Evaluate -2 + -91 + (46 - 74 - -31).
-90
Calculate (-20 - (-7 + 2 + (-4 - -6))) + 535 + -541.
-23
What is the value of 23 + -13 + 70 + 10 + -8 + 7?
89
Calculate -136 - (-178 + 199 + -19 + -4 - (-3 - -13)).
-124
38 + (5 - (3 - (-6 + (12 + 5 - 10))))
41
What is the value of (-18 - ((5 - -6 - 4) + -4)) + (-3 - 0)?
-24
Evaluate (-2 - -8) + -29 + -7 + 42 + -18.
-6
What is the value of -17 + 30 + -9 + 40 - (7 - 16)?
53
What is the value of -9 - (2 + -13 - (44 + 9 + -2))?
53
Evaluate 61 - (-22 - (-155 + -12)).
-84
Evaluate 18 - 35 - ((-4 - -3) + -44).
28
-1 + 15 + 47 + 83 + -34 - 2
108
What is the value of -35 + ((-61 - -60) + 8 - (1 - 9))?
-20
Evaluate (-4 - 5) + -85 + -20 - -22 - 4.
-96
Evaluate 6 + 38 - (61 + -43).
26
-4 - -1 - ((-2 - -53 - 2) + (2386 - 2397))
-41
Calculate -51 + (-53 - -106) + 48.
50
(0 - 4 - (45 + (80 - 138))) + -3 + 2
8
What is 12 - ((0 - -3) + (-129 - -143)) - -32?
27
Calculate -20 + 127 + -103 + 50.
54
-41 - (-53 - 34) - 37
9
Calculate (8 - -35 - 19) + -13 - (-1 - 6).
18
What is the value of (2 - -12) + (-684 - -641)?
-29
Calculate 0 + -5 + -11 + (-5 - (-6 - 4)).
-11
What is -10 + (47 - (3 - ((-7 - -5) + 5)))?
37
Calculate -1 + (11 - 0) - (-11416 + 11324).
102
4 + (2 - 135) + -1611 + 1637
-103
(-556 - -523) + 0 + -14
-47
What is 9 - ((15 - 1) + (1 + -10 - -4))?
0
Calculate 43 + (5 + -12 - (-2 - 8)).
46
What is 39 + -35 + 2 + (-2 + -3 + 2 - -64)?
67
What is (-42 - ((0 - 4) + 255 + -244)) + 5?
-44
3 + 2 - 0 - (5553 - 5602)
54
What is -8 - -15 - 1 - -26 - -2?
34
Calculate (-8 - (4 + -19)) + (-426 - -465).
46
Calculate -5 + 79 - 67 - 78.
-71
Evaluate -4 - -1 - (2 + 124 + (259 - 246)).
-142
Evaluate 103 + 58 + -55 + -8 + 5.
103
Calculate -333 + 363 + (2 - -7 - (1 - 3)) - 10.
31
What is the value of 21 + (-17 + -48 + 20 - -5) - -11?
-8
What is (39 - 80 - -50) + 4 + 12 + -6?
19
What is the value of -32 - (2 + -27 + 25 + (4 - -3))?
-39
What is 68 - (86 - (-98 - -143))?
27
Evaluate (-58 - -10) + 46 - -32.
30
What is 4 + 5 - (-3 - -11 - -8) - -77?
70
-6 + 3 - (6 + (0 - 134) + 8)
117
-17 + -47 - (270 - 347) - (1 - (0 + -1))
11
What is (25 - (17 + -9) - 11) + (3 - 5) + -6?
-2
Evaluate (85 - (137 - 177)) + 1 + -2 + -5 + -3.
116
(17 + -20 + 20 - 5) + 12
24
What is the value of -82 - (-68 - -2) - (-137 - (6 - 2))?
125
Evaluate (-190 + 110 - -76) + (1 + 0 - 30).
-33
What is the value of -14971 + 15019 - (1 - (1 + 23))?
71
What is the value of (0 + -4 - (26 - 77 - -36)) + 21 + -14?
18
Calculate -30 - (-18 + (32 - 58)) - (1 - -59).
-46
What is 1316 + -1364 - (-29 + 1)?
-20
What is (-1 + 14 - (59 - 25)) + 91?
70
(11 - 5) + -9 - 26 - (6 + -8)
-27
What is the value of 704 + -696 - (1 + -1 - 13)?
21
What is the value of 0 + 12 + (-21 - (-56 - (-17 + -6)))?
24
What is (3424 - 3347) + -38 + 0?
39
What is 35 - (-3 + 15) - 17 - -30?
36
What is -12 + (-7 - -26) - (-53 + (-1 - -8) + -5)?
58
Calculate (-14 - 0) + 8 + (-10 - 2) - -13.
-5
Evaluate 10 - (-14 - (0 - (1 + 5 + 6))).
12
What is the value of 68 + -33 + -66 - 26?
-57
What is the value of 3 + 1 + -17 + 319 + -285 + 23?
44
Evaluate (20 + 14 - 41) + -11 + 1 + -12.
-29
What is 26 + -91 - -31 - (-8 + -1)?
-25
Calculate 75 + -52 + -33 + 74.
64
Evaluate 25 + (12 - 25) + -36 + 15 + -18.
-27
What is the value of -51 - ((22 - 29) + -21) - 17?
-40
Calculate -68 + (14 - (-22 - -53)) - -7.
-78
What is 48 + (10 - 20) + -6 + 11 + (14 - 13)?
44
276 - 340 - (7 + -44)
-27
What is (2 + -4 - 17) + -83 + 50 + 49?
-3
What is 2 - -6 - (-29 + 107 + -87 + (-12 - -1))?
28
(2 - -29) + 60 + (-32 - -6)
65
Calculate -54 + (-22 - (-21 - 43)).
-12
Evaluate (-9 - (-15 - -19)) + -7 - -14.
-6
Evaluate 5 - (7 - 7 - (-8 + (15 - 3))).
9
Calculate -66 + (-2 + 3 - -2 - 2) + -2217 + 2222.
-60
What is the value of -32 + (-47 - -80) + -61?
-60
Evaluate 46 - 28 - (-10 - (-29 + 8)).
7
What is 11 - ((14 - 1) + -3 - (19 - 19))?
1
Calculate -105 - (51 - 138) - -107.
89
-113 + (40 - (6 - -19)) + 22 + -2
-78
What is the value of 54 - (-43 + -2 - (-135 - -61))?
25
Calculate 6 - (45 + -83) - 5 - 76.
-37
Calculate 12 + 39 + (39 - (-10 + -49)).
149
Evaluate 47 - 15 - ((48 - 44) + -10 + 4 + 3).
31
(21 - 0) + (0 - -16) + (-56 - -141 - 106)
16
Evaluate (-12 - (6 + -28) - (2 + -3)) + (-167 - -238).
82
What is -2 - (-5 + 15 - (-1 - -4)) - (145 - 181)?
27
What is (